{"id":1013,"date":"2026-02-16T14:51:15","date_gmt":"2026-02-16T12:51:15","guid":{"rendered":"https:\/\/fraeuleinm.de\/?post_type=product&#038;p=1013"},"modified":"2026-02-28T13:32:12","modified_gmt":"2026-02-28T11:32:12","slug":"personalisiertes-osterkoerbchen-osternest-hasenbub-1490-e","status":"publish","type":"product","link":"https:\/\/fraeuleinm.de\/?product=personalisiertes-osterkoerbchen-osternest-hasenbub-1490-e","title":{"rendered":"Personalisiertes Osterk\u00f6rbchen | Osternest &#8218;Leo&#8216; | 14,90 \u20ac"},"content":{"rendered":"<p>Schenke besondere Freude mit unserem personalisiertem Osterk\u00f6rbchen aus Filz.<\/p>\n<p>\u00dcberrasche Deine Kleinen mit unserem s\u00fc\u00dfen Osternest aus Filz. Das K\u00f6rbchen ist nicht nur ein tolles personalisiertes Geschenk, das kleine Augen zum Leuchten bringt, sondern kann auch viele Jahre weiter an Ostern, zum Spielen oder als Aufbewahrungsk\u00f6rbchen f\u00fcr kleine Sch\u00e4tze genutzt werden.<\/p>\n<p>Die Gr\u00f6\u00dfe eignet sich hervorragend f\u00fcr ein paar Kleinigkeiten wie einen Osterhasen, Ostereier und einen kleinem Spielzeug.<\/p>\n<p>Unser Osterk\u00f6rbchen ist aber nicht nur etwas f\u00fcr die Kleinen. Durch die individuelle Personalisierung l\u00e4sst sich ruck zuck auch ein sch\u00f6nes Geschenk f\u00fcr Deine Herzensmenschen wie die beste Freundin oder die Lieblingskollegin zaubern. Ein netter oder flotter Spruch dazu, bef\u00fcllt mit einem D\u00f6schen Lieblingsgetr\u00e4nk und der Lieblingss\u00fc\u00dfigkeit und schon ist Dein ganz individuelles Geschenk fertig. Strahlende Augen sind auch hier vorprogrammiert.<\/p>\n<p><strong>Details<\/strong><br \/>\nMaterial: gepresster Filz aus 100% Polyester, Flexfolie<br \/>\nFarbe: beige<br \/>\nMa\u00dfe: ca. H 35 cm mit Henkel, H 16 cm ohne Henkel, Durchmesser ca. 16 cm<br \/>\nHergestellt in Deutschland<br \/>\nPflegehinweis: Handw\u00e4sche, nicht waschmaschinen- und trocknergeeignet<\/p>\n<p><strong>Hinweis<\/strong><br \/>\nDa das Produkt personalisiert ist und extra f\u00fcr Dich angefertigt wird, ist eine R\u00fcckgabe nicht m\u00f6glich. Bei Reklamationen kannst Du dich aber gerne jederzeit an uns wenden.<\/p>\n<p>Siehe hierzu auch unsere <a href=\"https:\/\/fraeuleinm.de\/?page_id=214\">Allgemeine Gesch\u00e4ftsbedingungen<\/a>.<\/p>\n<p><strong>Herstellerinformation<\/strong><br \/>\nMelanie Hiller, Fr\u00e4ulein M &#8211; mit Liebe handgemacht, Auf der Windschnur 32, 94469 Deggendorf<br \/>\nEmail: hallo@fraeuleinm.de<\/p>\n","protected":false},"excerpt":{"rendered":"<p><button class=\"wpforms-submit\" onclick=\"window.location.href='#div_anfrage';\">Produkt anfragen<\/button><\/p>\n<div id=\"div_anfrage\">\n<button id=\"div_anfrage_close\" class=\"wpforms-submit\" onclick=\"window.location.href='#';\">Schlie\u00dfen<\/button><\/p>\n<div>\n[wpforms id=\"390\" title=\"true\"]\n<\/div>\n<\/div>\n","protected":false},"featured_media":1015,"template":"","meta":[],"product_brand":[],"product_cat":[43,38],"product_tag":[],"class_list":{"0":"post-1013","1":"product","2":"type-product","3":"status-publish","4":"has-post-thumbnail","6":"product_cat-baby-kinderecke","7":"product_cat-ostern","9":"first","10":"instock","11":"shipping-taxable","12":"product-type-grouped"},"_links":{"self":[{"href":"https:\/\/fraeuleinm.de\/index.php?rest_route=\/wp\/v2\/product\/1013","targetHints":{"allow":["GET"]}}],"collection":[{"href":"https:\/\/fraeuleinm.de\/index.php?rest_route=\/wp\/v2\/product"}],"about":[{"href":"https:\/\/fraeuleinm.de\/index.php?rest_route=\/wp\/v2\/types\/product"}],"wp:featuredmedia":[{"embeddable":true,"href":"https:\/\/fraeuleinm.de\/index.php?rest_route=\/wp\/v2\/media\/1015"}],"wp:attachment":[{"href":"https:\/\/fraeuleinm.de\/index.php?rest_route=%2Fwp%2Fv2%2Fmedia&parent=1013"}],"wp:term":[{"taxonomy":"product_brand","embeddable":true,"href":"https:\/\/fraeuleinm.de\/index.php?rest_route=%2Fwp%2Fv2%2Fproduct_brand&post=1013"},{"taxonomy":"product_cat","embeddable":true,"href":"https:\/\/fraeuleinm.de\/index.php?rest_route=%2Fwp%2Fv2%2Fproduct_cat&post=1013"},{"taxonomy":"product_tag","embeddable":true,"href":"https:\/\/fraeuleinm.de\/index.php?rest_route=%2Fwp%2Fv2%2Fproduct_tag&post=1013"}],"curies":[{"name":"wp","href":"https:\/\/api.w.org\/{rel}","templated":true}]}}