{"id":1125,"date":"2026-02-26T21:57:10","date_gmt":"2026-02-26T19:57:10","guid":{"rendered":"https:\/\/fraeuleinm.de\/?post_type=product&#038;p=1125"},"modified":"2026-02-26T22:18:55","modified_gmt":"2026-02-26T20:18:55","slug":"set-aus-taufkerze-und-personalisierte-kerzenbox-aus-holz-6190-e","status":"publish","type":"product","link":"https:\/\/fraeuleinm.de\/?product=set-aus-taufkerze-und-personalisierte-kerzenbox-aus-holz-6190-e","title":{"rendered":"Set aus Taufkerze und personalisierte Kerzenbox aus Holz | 61,90 \u20ac"},"content":{"rendered":"<p><strong>Taufkerze und die passende Kerzenbox in einem Set.<\/strong><\/p>\n<p>Unsere handgefertigten Kerzen mit zarten Aquarellmotiven und unsere personalisierte Kerzenbox vereinen Tradition , modernes Design, hochwertige Materialien und liebevolle Handarbeit. Besondere Unikate f\u00fcr einen besonderen Moment.<\/p>\n<p>Die Taufkerze wird mit Namen, Datum der Taufe sowie einem Taufspruch auf der R\u00fcckseite der Kerze veredelt.<\/p>\n<p>Die Holzbox wird mit deinem Wunschnamen personalisiert. Die angebrachten Trockenblumen werden farblich passend zu Deiner ausgew\u00e4hlten Kerze abgestimmt.<\/p>\n<p><strong>Details: <\/strong><br \/>\n<strong><br \/>\nTaufkerze:<\/strong><br \/>\n&#8211; Blockkerze ist duftneutral und naturfarben<br \/>\n&#8211; H\u00f6he 19 cm<br \/>\n&#8211; Brenndauer ca. 70 Std.<br \/>\n&#8211; Material: Fu\u00df: Wachs auf Pflanzenbasis, Paraffinwachs; versiegelt mit Kerzenlack.<br \/>\n&#8211; Docht: Baumwolle und andere Materialien auf Zellulosebasis<br \/>\n&#8211; Weitere Materialien: Stabilisierte Trockenblumen, Chiffonband, ggf. nach Modell mit Anh\u00e4nger aus Pappel- oder Birkensperrholz<br \/>\n<strong><br \/>\nWarn- und Sicherheitshinweise Taufkerze:<\/strong><br \/>\nDie Kerze ist kein Spielzeug, sondern Dekoration.<br \/>\n&#8211; Kerze senkrecht aufstellen.<br \/>\n&#8211; Brennende Kerzen nicht unbeaufsichtigt lassen und nicht in die N\u00e4he von leicht entz\u00fcndlichen Dingen oder in die N\u00e4he einer Hitzequelle stellen.<br \/>\n&#8211; Au\u00dfer Reichweite von Kindern und Haustieren halten. Es besteht Brandgefahr!<br \/>\n&#8211; Immer einen hitzebest\u00e4ndigen Kerzenhalter verwenden.<br \/>\n&#8211; Nicht in Zugluft brennen lassen.<br \/>\n&#8211; Docht auf ca. 1 cm k\u00fcrzen und die Kanten k\u00fcrzen, wenn sie h\u00f6her als 1 cm ist.<br \/>\n-Flamme ersticken und nicht ausblasen. Es besteht Verbrennungsgefahr durch hei\u00dfes Wachs!<br \/>\n&#8211; ca. 10 cm Abstand zwischen brennenden Kerzen<br \/>\n&#8211; Nicht bis zur H\u00f6he der Trockenblumen\/Dekoband abbrennen lassen. Brandgefahr!<br \/>\n-Einzelteile wie Trockenblumen und B\u00e4nder k\u00f6nnen sich l\u00f6sen<br \/>\n-Au\u00dfer Reichweite von Kindern und Haustieren aufbewahren<br \/>\n<strong><br \/>\nWeitere Hinweise zur Taufkerze:<\/strong><br \/>\nDie Kerzen werden als Rohlinge vom H\u00e4ndler bezogen und von mir in liebevoller Handarbeit veredelt. Durch den Transport k\u00f6nnen hin und wieder kleinere Unebenheiten entstehen. Diese sind so gut wie unvermeidbar und fallen i. d. R. beim fertiggestellten Produkt nicht auf. Aus Nachhaltigkeitsgr\u00fcnden reklamiere ich diese daher nicht, sondern verarbeiten auch diese Kerzen zu wundervollen Unikaten. Diese Unebenheiten stellen daher keinen Reklamationsgrund dar, sondern verleihen unseren Unikaten einen unverwechselbaren Charme.<br \/>\nEbenso kann es zu Farbunterschieden aufgrund Bildschirmwiedergabe etc. kommen, die ebenfalls keinen Reklamationsgrund darstellen.<br \/>\nDie angebrachten Trockenblumen sind ein Naturprodukt. Auch hier kann es zu Farbabweichungen kommen und stellen keinen Reklamationsgrund dar.<\/p>\n<p><strong>Kerzenbox:<\/strong><br \/>\nAbmessungen au\u00dfen:<br \/>\n37,6&#215;10,6&#215;10,2cm<\/p>\n<p>Abmessungen innen:<br \/>\nMa\u00dfe 36x9x9cm<br \/>\nMaterial: Birkensperrholz, Holzperlen, Jutegarn, Trockenblumen, Acryllack, Anh\u00e4nger aus Pappel- oder Birkensperrholz.<\/p>\n<p><strong>Warn- und Sicherheitshinweise Kerzenbox:<\/strong><br \/>\n&#8211; Dieses Produkt ist kein Spielzeug, sondern eine Aufbewahrungsm\u00f6glichkeit. Verwendung nur von Erwachsenen oder unter Aufsicht von Erwachsenen.<br \/>\n&#8211; Material- oder nutzungsbedingt abgebrochene oder abgel\u00f6ste Holzteile oder ggf. dekoratives Zubeh\u00f6r, wie z. B. Trockenblumen oder Holzperlen k\u00f6nnen verschluckt werden.<br \/>\n&#8211; Strangulationsgefahr durch mitgelieferte bzw. angebrachte B\u00e4nder\/Schn\u00fcre.<br \/>\n&#8211; Aufbewahrungsbox vor jedem Gebrauch oder \u201ain die Hand nehmen\u2018 auf Besch\u00e4digungen \u00fcberpr\u00fcfen.<br \/>\n&#8211; Das Holz kann brechen bzw. splittern. Die Box regelm\u00e4\u00dfig auf Besch\u00e4digungen \u00fcberpr\u00fcfen um Verletzungen zu vermeiden.<br \/>\n&#8211; Holz ist leicht entflammbar. Von Hitzequellen und offenen Feuer fernhalten.<\/p>\n<p><strong>Hinweis: <\/strong> Du erwirbst die Kerzenbox ohne Inhalt bzw. ohne F\u00fcllmaterial.<\/p>\n<p><strong>Herstellerangaben: <\/strong><br \/>\nFr\u00e4ulein M, Melanie Hiller, Auf der Windschnur 32, 94469 Deggendorf<br \/>\nEmail: hallo@fraeuleinm.de<\/p>\n","protected":false},"excerpt":{"rendered":"<p><button class=\"wpforms-submit\" onclick=\"window.location.href='#div_anfrage';\">Produkt anfragen<\/button><\/p>\n<div id=\"div_anfrage\">\n<button id=\"div_anfrage_close\" class=\"wpforms-submit\" onclick=\"window.location.href='#';\">Schlie\u00dfen<\/button><\/p>\n<div>\n[wpforms id=\"390\" title=\"true\"]\n<\/div>\n<\/div>\n","protected":false},"featured_media":1124,"template":"","meta":[],"product_brand":[],"product_cat":[51,48],"product_tag":[],"class_list":{"0":"post-1125","1":"product","2":"type-product","3":"status-publish","4":"has-post-thumbnail","6":"product_cat-geburt-taufe-kommunion","7":"product_cat-kerzen-kerzenboxen","9":"first","10":"instock","11":"shipping-taxable","12":"product-type-grouped"},"_links":{"self":[{"href":"https:\/\/fraeuleinm.de\/index.php?rest_route=\/wp\/v2\/product\/1125","targetHints":{"allow":["GET"]}}],"collection":[{"href":"https:\/\/fraeuleinm.de\/index.php?rest_route=\/wp\/v2\/product"}],"about":[{"href":"https:\/\/fraeuleinm.de\/index.php?rest_route=\/wp\/v2\/types\/product"}],"wp:featuredmedia":[{"embeddable":true,"href":"https:\/\/fraeuleinm.de\/index.php?rest_route=\/wp\/v2\/media\/1124"}],"wp:attachment":[{"href":"https:\/\/fraeuleinm.de\/index.php?rest_route=%2Fwp%2Fv2%2Fmedia&parent=1125"}],"wp:term":[{"taxonomy":"product_brand","embeddable":true,"href":"https:\/\/fraeuleinm.de\/index.php?rest_route=%2Fwp%2Fv2%2Fproduct_brand&post=1125"},{"taxonomy":"product_cat","embeddable":true,"href":"https:\/\/fraeuleinm.de\/index.php?rest_route=%2Fwp%2Fv2%2Fproduct_cat&post=1125"},{"taxonomy":"product_tag","embeddable":true,"href":"https:\/\/fraeuleinm.de\/index.php?rest_route=%2Fwp%2Fv2%2Fproduct_tag&post=1125"}],"curies":[{"name":"wp","href":"https:\/\/api.w.org\/{rel}","templated":true}]}}