{"id":596,"date":"2024-11-19T21:36:13","date_gmt":"2024-11-19T19:36:13","guid":{"rendered":"https:\/\/fraeuleinm.de\/?post_type=product&#038;p=596"},"modified":"2026-02-19T20:59:51","modified_gmt":"2026-02-19T18:59:51","slug":"emaillebecher-alltagsheldin","status":"publish","type":"product","link":"https:\/\/fraeuleinm.de\/?product=emaillebecher-alltagsheldin","title":{"rendered":"Emaillebecher &#8222;Alltagsheldin&#8220; | 16,90 \u20ac"},"content":{"rendered":"<p>Tasse \u201eAlltagsheldin\u201c \u2013 Das perfekte Geschenk f\u00fcr wahre Heldinnen des Alltags!<\/p>\n<p>Sie sind immer f\u00fcr uns da, k\u00fcmmern sich um alles und halten den Alltag am Laufen \u2013 unsere Alltagsheldinnen. Ob Mama, Oma, Erzieherin oder Lehrerin, diese Tasse ist eine liebevolle Hommage an all jene, die Tag f\u00fcr Tag Gro\u00dfes leisten.<\/p>\n<p>Mit dem klaren \u201eAlltagsheldin\u201c-Schriftzug und ihrem zeitlosen Design wird diese Tasse schnell zum Lieblingsst\u00fcck. Ideal f\u00fcr den Kaffee am Morgen oder den Tee zwischendurch.<\/p>\n<p>Schenke Anerkennung und Wertsch\u00e4tzung \u2013 mit einer Tasse, die genauso stark ist wie die Heldin, die sie bekommt!<\/p>\n<p><strong>Details:<\/strong><br \/>\nFassungsvolumen: 300 ml<br \/>\nMaterial: Emaille<br \/>\nGewicht: 172g<br \/>\nReinigung: Handw\u00e4sche empfohlen<\/p>\n<p><strong>Warn- und Sicherheitshinweise: <\/strong><br \/>\nSp\u00fclmaschinengeeignet, es wird jedoch Handw\u00e4sche empfohlen. Nicht mikrowellengeeignet.<br \/>\nVor dem ersten Gebrauch sp\u00fclen. Vor jedem Gebrauch auf Besch\u00e4digungen \u00fcberpr\u00fcfen. Tasse kann je nach Inhalt hei\u00df werden.<\/p>\n<p><strong>Herstellerinformation:<\/strong><br \/>\nMelanie Hiller, Fr\u00e4ulein M &#8211; Mit Liebe handgemacht, Auf der Windschnur 32, 94469 Deggendorf<br \/>\nEmail: hallo@fraeuleinm.de<\/p>\n","protected":false},"excerpt":{"rendered":"<p><button class=\"wpforms-submit\" onclick=\"window.location.href='#div_anfrage';\">Produkt anfragen<\/button><\/p>\n<div id=\"div_anfrage\">\n<button id=\"div_anfrage_close\" class=\"wpforms-submit\" onclick=\"window.location.href='#';\">Schlie\u00dfen<\/button><\/p>\n<div>\n[wpforms id=\"390\" title=\"true\"]\n<\/div>\n<\/div>\n","protected":false},"featured_media":597,"template":"","meta":[],"product_brand":[],"product_cat":[47,35,49],"product_tag":[],"class_list":{"0":"post-596","1":"product","2":"type-product","3":"status-publish","4":"has-post-thumbnail","6":"product_cat-geschenkideen","7":"product_cat-muttertag-vatertag","8":"product_cat-tassen-becher","10":"first","11":"instock","12":"shipping-taxable","13":"product-type-grouped"},"_links":{"self":[{"href":"https:\/\/fraeuleinm.de\/index.php?rest_route=\/wp\/v2\/product\/596","targetHints":{"allow":["GET"]}}],"collection":[{"href":"https:\/\/fraeuleinm.de\/index.php?rest_route=\/wp\/v2\/product"}],"about":[{"href":"https:\/\/fraeuleinm.de\/index.php?rest_route=\/wp\/v2\/types\/product"}],"wp:featuredmedia":[{"embeddable":true,"href":"https:\/\/fraeuleinm.de\/index.php?rest_route=\/wp\/v2\/media\/597"}],"wp:attachment":[{"href":"https:\/\/fraeuleinm.de\/index.php?rest_route=%2Fwp%2Fv2%2Fmedia&parent=596"}],"wp:term":[{"taxonomy":"product_brand","embeddable":true,"href":"https:\/\/fraeuleinm.de\/index.php?rest_route=%2Fwp%2Fv2%2Fproduct_brand&post=596"},{"taxonomy":"product_cat","embeddable":true,"href":"https:\/\/fraeuleinm.de\/index.php?rest_route=%2Fwp%2Fv2%2Fproduct_cat&post=596"},{"taxonomy":"product_tag","embeddable":true,"href":"https:\/\/fraeuleinm.de\/index.php?rest_route=%2Fwp%2Fv2%2Fproduct_tag&post=596"}],"curies":[{"name":"wp","href":"https:\/\/api.w.org\/{rel}","templated":true}]}}