{"id":656,"date":"2024-11-24T14:06:35","date_gmt":"2024-11-24T12:06:35","guid":{"rendered":"https:\/\/fraeuleinm.de\/?post_type=product&#038;p=656"},"modified":"2026-02-16T18:39:07","modified_gmt":"2026-02-16T16:39:07","slug":"personalisierter-holzring-mit-trockenblumen-vers-farben-28-e","status":"publish","type":"product","link":"https:\/\/fraeuleinm.de\/?product=personalisierter-holzring-mit-trockenblumen-vers-farben-28-e","title":{"rendered":"Personalisierter Holzring mit Trockenblumen | ros\u00e9, creme | 20 cm | 34,90 \u20ac"},"content":{"rendered":"<p>Personalisierter Holzring mit stabilisierten Trockenblumen \u2013 Ein einzigartiges Dekoelement f\u00fcr das Kinderzimmer!<\/p>\n<p>Verleihe dem Kinderzimmer einen besonderen, nat\u00fcrlichen Charme mit unserem personalisierten Holzring mit stabilisierten Trockenblumen. Dieses zauberhafte Dekoelement ist nicht nur ein wundersch\u00f6ner Blickfang, sondern auch ein ganz besonderes Geschenk zur Geburt oder Taufe. Der Holzring wird liebevoll mit handverlesenen Trockenblumen verziert, die in sanften Farben und zarten Formen eine warme, beruhigende Atmosph\u00e4re schaffen.<\/p>\n<p>Individuell personalisiert mit dem Namen des Kindes, wird der Holzring zu einem einzigartigen Erinnerungsst\u00fcck. Perfekt auch als Geschenk, das \u00fcber Jahre hinweg begeistert und das Kinderzimmer mit nat\u00fcrlichem, stilvollem Charme versch\u00f6nert.<\/p>\n<p><strong>Gerne fertigen wir den Holzring mit deinen Wunschfarben. <\/strong><br \/>\nEgal ob nat\u00fcrliche Blau- und Naturt\u00f6ne f\u00fcr Jungs, Rosat\u00f6ne f\u00fcr M\u00e4dels oder neutral in Gr\u00fcn- und Naturt\u00f6nen &#8211; wir versuchen Deine W\u00fcnsche bestm\u00f6glich umzusetzen.<\/p>\n<p><strong>Details<\/strong><br \/>\nMaterial: Pappelsperrholz<br \/>\nMa\u00dfe: 20x20x0,4cm<\/p>\n<p><strong>Trockenblumen | Pflegehinweise<\/strong><\/p>\n<p>Wir verwenden ausschlie\u00dflich stabilisierte und hochwertige Trockenblumen. Durch die Konservierung behalten sie ihr frisches Aussehen und ihre Farbe. Sie sind daher besonders nachhaltig und eine ganz besondere Deko- und Geschenkidee. Dennoch gibt es einige Punkte zu beachten, damit Du dich auch lange an ihnen erfreuen kannst.<\/p>\n<p>-Fusseliges Pampasgras kannst Du durch leichtes Einspr\u00fchen mit Haarspray b\u00e4ndigen.<br \/>\n-Keine direkte UV-Einstrahlung, sonst verblassen Deine Blumen<br \/>\n-Keine Feuchtigkeit, sonst verlieren sie ihre Standfestigkeit.<br \/>\n-Ich empfehle Kr\u00e4nze grunds\u00e4tzlich im Innenbereich zu dekorieren. Dennoch k\u00f6nnen Kr\u00e4nze auch im \u00fcberdachten Au\u00dfenbereich angebracht werde. Bedenke aber, dass Feuchtigkeit die Lebensdauer verk\u00fcrzt.<\/p>\n<p><strong>Warn- und Sicherheitshinweise:<\/strong><br \/>\nHolz kann splittern. Regelm\u00e4\u00dfig auf Besch\u00e4digungen \u00fcberpr\u00fcfen um Verletzungen zu vermeiden.<br \/>\nAufbewahrung au\u00dferhalb der Reichweite von Kindern, Tieren und Hitzequellen aufbewahren. Holz und Trockenblumen sind leicht entflammbar &#8211; Brandgefahr!<br \/>\nKein Spielzeug f\u00fcr Kinder. L\u00f6sen sich Einzelteile oder Trockenblumen besteht Verschluckungsgefahr. <\/p>\n<p><strong>Herstellerinformation<\/strong><br \/>\nMelanie Hiller, Fr\u00e4ulein M &#8211; mit Liebe handgemacht, Auf der Windschnur 32, 94469 Deggendorf<br \/>\nEmail: hallo@fraeuleinm.de<\/p>\n<p><strong>Hinweis<\/strong><br \/>\nDa das Produkt personalisiert ist und extra f\u00fcr Dich angefertigt wird, ist eine R\u00fcckgabe nicht m\u00f6glich. Bei Reklamationen kannst Du dich aber gerne jederzeit an uns wenden.<\/p>\n<p>Siehe hierzu auch unsere <a href=\"https:\/\/fraeuleinm.de\/?page_id=214\">Allgemeine Gesch\u00e4ftsbedingungen<\/a>.<\/p>\n","protected":false},"excerpt":{"rendered":"<p><button class=\"wpforms-submit\" onclick=\"window.location.href='#div_anfrage';\">Produkt anfragen<\/button><\/p>\n<div id=\"div_anfrage\">\n<button id=\"div_anfrage_close\" class=\"wpforms-submit\" onclick=\"window.location.href='#';\">Schlie\u00dfen<\/button><\/p>\n<div>\n[wpforms id=\"390\" title=\"true\"]\n<\/div>\n<\/div>\n","protected":false},"featured_media":844,"template":"","meta":[],"product_brand":[],"product_cat":[51,47,50],"product_tag":[],"class_list":{"0":"post-656","1":"product","2":"type-product","3":"status-publish","4":"has-post-thumbnail","6":"product_cat-geburt-taufe-kommunion","7":"product_cat-geschenkideen","8":"product_cat-trockenblumenkraenzeallerart-deko","10":"first","11":"instock","12":"shipping-taxable","13":"product-type-grouped"},"_links":{"self":[{"href":"https:\/\/fraeuleinm.de\/index.php?rest_route=\/wp\/v2\/product\/656","targetHints":{"allow":["GET"]}}],"collection":[{"href":"https:\/\/fraeuleinm.de\/index.php?rest_route=\/wp\/v2\/product"}],"about":[{"href":"https:\/\/fraeuleinm.de\/index.php?rest_route=\/wp\/v2\/types\/product"}],"wp:featuredmedia":[{"embeddable":true,"href":"https:\/\/fraeuleinm.de\/index.php?rest_route=\/wp\/v2\/media\/844"}],"wp:attachment":[{"href":"https:\/\/fraeuleinm.de\/index.php?rest_route=%2Fwp%2Fv2%2Fmedia&parent=656"}],"wp:term":[{"taxonomy":"product_brand","embeddable":true,"href":"https:\/\/fraeuleinm.de\/index.php?rest_route=%2Fwp%2Fv2%2Fproduct_brand&post=656"},{"taxonomy":"product_cat","embeddable":true,"href":"https:\/\/fraeuleinm.de\/index.php?rest_route=%2Fwp%2Fv2%2Fproduct_cat&post=656"},{"taxonomy":"product_tag","embeddable":true,"href":"https:\/\/fraeuleinm.de\/index.php?rest_route=%2Fwp%2Fv2%2Fproduct_tag&post=656"}],"curies":[{"name":"wp","href":"https:\/\/api.w.org\/{rel}","templated":true}]}}