{"id":796,"date":"2025-03-02T00:11:55","date_gmt":"2025-03-01T22:11:55","guid":{"rendered":"https:\/\/fraeuleinm.de\/?post_type=product&#038;p=796"},"modified":"2026-02-16T14:33:21","modified_gmt":"2026-02-16T12:33:21","slug":"personalisierter-tortenheber-hochzeit-1890-e","status":"publish","type":"product","link":"https:\/\/fraeuleinm.de\/?product=personalisierter-tortenheber-hochzeit-1890-e","title":{"rendered":"Personalisierter Tortenheber | Hochzeit | 18,90 \u20ac"},"content":{"rendered":"<p>Personalisierter Tortenheber zur Hochzeit \u2013 Ein liebevolles Detail f\u00fcr den sch\u00f6nsten Tag im Leben!<\/p>\n<p>Feiert Eure Liebe mit einem ganz besonderen Highlight: unserem personalisierten Tortenheber, der mit den Namen des Brautpaares und dem Hochzeitsdatum graviert ist. Dieses exquisite Accessoire ist nicht nur ein praktisches Utensil f\u00fcr den Hochzeitstortenanschnitt, sondern auch ein wundersch\u00f6nes Erinnerungsst\u00fcck, das die besonderen Momente Eures gro\u00dfen Tages festh\u00e4lt.<br \/>\nDer Tortenheber vereint elegantes Design mit pers\u00f6nlicher Note und wird zum Blickfang beim Tortenanschnitt. Und jedes Mal, wenn Du ihn verwendest, wirst Du an die unvergesslichen Augenblicke Eurer Hochzeitsfeier erinnert \u2013 ein Symbol f\u00fcr den Beginn Eurer gemeinsamen Reise. <\/p>\n<p><strong>Details<\/strong><br \/>\nMaterial: Edelstahl<br \/>\nveredelt mittels Lasergravur<br \/>\nSp\u00fclmaschinengeeignet. Handw\u00e4sche wird jedoch empfohlen.<br \/>\nHergestellt in Deutschland<\/p>\n<p><strong>Warn- und Sicherheitshinweise:<\/strong><br \/>\nProdukt ist scharfkantig &#8211; Verletzungsgefahr.<br \/>\nKein Spielzeug. Aufbewahrung au\u00dferhalb der Reichweite von Kindern.<\/p>\n<p><strong>Hinweis:<\/strong><br \/>\nDa dieses Produkt f\u00fcr Dich personalisiert wird, ist eine R\u00fcckgabe ausgeschlossen. Bei Reklamationen kannst Du allerdings<br \/>\njederzeit Kontakt mit uns aufnehmen.<br \/>\nEin minimaler Versatz bei der Gravur ist maschinell bedingt und stellt keinen Reklamationsgrund dar. Ebenso verh\u00e4lt es sich bei herstellungsbedingten feinen, kleinen Kratzern.<\/p>\n<p><strong>Herstellerinformation<\/strong><br \/>\nMelanie Hiller, Fr\u00e4ulein M &#8211; mit Liebe handgemacht, Auf der Windschnur 32, 94469 Deggendorf<br \/>\nEmail: hallo@fraeuleinm.de<\/p>\n","protected":false},"excerpt":{"rendered":"<p><button class=\"wpforms-submit\" onclick=\"window.location.href='#div_anfrage';\">Produkt anfragen<\/button><\/p>\n<div id=\"div_anfrage\">\n<button id=\"div_anfrage_close\" class=\"wpforms-submit\" onclick=\"window.location.href='#';\">Schlie\u00dfen<\/button><\/p>\n<div>\n[wpforms id=\"390\" title=\"true\"]\n<\/div>\n<\/div>\n","protected":false},"featured_media":797,"template":"","meta":[],"product_brand":[],"product_cat":[34],"product_tag":[],"class_list":{"0":"post-796","1":"product","2":"type-product","3":"status-publish","4":"has-post-thumbnail","6":"product_cat-hochzeit","8":"first","9":"instock","10":"shipping-taxable","11":"product-type-grouped"},"_links":{"self":[{"href":"https:\/\/fraeuleinm.de\/index.php?rest_route=\/wp\/v2\/product\/796","targetHints":{"allow":["GET"]}}],"collection":[{"href":"https:\/\/fraeuleinm.de\/index.php?rest_route=\/wp\/v2\/product"}],"about":[{"href":"https:\/\/fraeuleinm.de\/index.php?rest_route=\/wp\/v2\/types\/product"}],"wp:featuredmedia":[{"embeddable":true,"href":"https:\/\/fraeuleinm.de\/index.php?rest_route=\/wp\/v2\/media\/797"}],"wp:attachment":[{"href":"https:\/\/fraeuleinm.de\/index.php?rest_route=%2Fwp%2Fv2%2Fmedia&parent=796"}],"wp:term":[{"taxonomy":"product_brand","embeddable":true,"href":"https:\/\/fraeuleinm.de\/index.php?rest_route=%2Fwp%2Fv2%2Fproduct_brand&post=796"},{"taxonomy":"product_cat","embeddable":true,"href":"https:\/\/fraeuleinm.de\/index.php?rest_route=%2Fwp%2Fv2%2Fproduct_cat&post=796"},{"taxonomy":"product_tag","embeddable":true,"href":"https:\/\/fraeuleinm.de\/index.php?rest_route=%2Fwp%2Fv2%2Fproduct_tag&post=796"}],"curies":[{"name":"wp","href":"https:\/\/api.w.org\/{rel}","templated":true}]}}