{"id":868,"date":"2025-04-04T21:32:59","date_gmt":"2025-04-04T19:32:59","guid":{"rendered":"https:\/\/fraeuleinm.de\/?post_type=product&#038;p=868"},"modified":"2026-02-16T00:22:21","modified_gmt":"2026-02-15T22:22:21","slug":"keramiktasse-mama-mit-korksockel-und-deckel-1890-e","status":"publish","type":"product","link":"https:\/\/fraeuleinm.de\/?product=keramiktasse-mama-mit-korksockel-und-deckel-1890-e","title":{"rendered":"Keramiktasse &#8222;Mama&#8220; | mit Korksockel und Deckel | 18,90 \u20ac"},"content":{"rendered":"<p>Keramiktasse \u201eMama, du bist wundervoll\u201c \u2013 Ein liebevolles Geschenk f\u00fcr die beste Mama!<\/p>\n<p>Zeige Deiner Mama, wie sehr Du sie sch\u00e4tzt, mit unserer bezaubernden Keramiktasse, die mit dem herzlichen Aufdruck \u201eMama, du bist wundervoll\u201c verziert ist. Diese Tasse ist nicht nur ein praktisches Trinkgef\u00e4\u00df, sondern auch ein wundersch\u00f6nes Statement, das jeden Tag ein L\u00e4cheln auf ihr Gesicht zaubert.<\/p>\n<p>Die Tasse \u00fcberzeugt durch ihr elegantes Design und den praktischen Korksockel, der f\u00fcr einen sicheren Halt sorgt und gleichzeitig die Tischoberfl\u00e4che schont. Der passende Deckel h\u00e4lt hei\u00dfe Getr\u00e4nke l\u00e4nger warm.<\/p>\n<p>Ob beim morgendlichen Kaffee, beim entspannenden Tee am Nachmittag oder als stilvolles Accessoire im B\u00fcro \u2013 diese Tasse ist der perfekte Begleiter f\u00fcr jede Gelegenheit. Sie eignet sich hervorragend als Geschenk zum Muttertag, Geburtstag oder einfach als liebevolle \u00dcberraschung, um \u201eDanke\u201c zu sagen.<\/p>\n<p>Mache Deiner Mama eine Freude und zeige ihr, wie wundervoll sie ist!<\/p>\n<p><strong>Details:<\/strong><br \/>\nFassungsvolumen: ca. 330 ml<br \/>\nMaterial: Keramik, Korksockel, Kunststoffdeckel (Korksockel und Deckel sind abnehmbar)<br \/>\nGewicht: 440g<br \/>\nHergestellt in Deutschland.<\/p>\n<p><strong>Warn- und Sicherheitshinweise:<\/strong><br \/>\nNach Abnahme von Korksockel und Deckel ist die Tasse sp\u00fclmaschinen- und mikrowellengeeignet. ES wird jedoch Handw\u00e4sche empfohlen.<br \/>\nVor dem ersten Gebrauch sp\u00fclen. Vor jedem Gebrauch auf Besch\u00e4digungen \u00fcberpr\u00fcfen. Tasse kann je nach Inhalt hei\u00df werden. Tasse kann brechen- Verletzungsgefahr! Kein Spielzeug und nicht f\u00fcr Kinder ohne Beaufsichtigung geeignet.<\/p>\n<p><strong>Herstellerinformation<\/strong><br \/>\nMelanie Hiller, Fr\u00e4ulein M &#8211; mit Liebe handgemacht, Auf der Windschnur 32, 94469 Deggendorf<br \/>\nEmail: hallo@fraeuleinm.de<\/p>\n","protected":false},"excerpt":{"rendered":"<p><button class=\"wpforms-submit\" onclick=\"window.location.href='#div_anfrage';\">Produkt anfragen<\/button><\/p>\n<div id=\"div_anfrage\">\n<button id=\"div_anfrage_close\" class=\"wpforms-submit\" onclick=\"window.location.href='#';\">Schlie\u00dfen<\/button><\/p>\n<div>\n[wpforms id=\"390\" title=\"true\"]\n<\/div>\n<\/div>\n","protected":false},"featured_media":869,"template":"","meta":[],"product_brand":[],"product_cat":[35,49],"product_tag":[],"class_list":{"0":"post-868","1":"product","2":"type-product","3":"status-publish","4":"has-post-thumbnail","6":"product_cat-muttertag-vatertag","7":"product_cat-tassen-becher","9":"first","10":"instock","11":"shipping-taxable","12":"product-type-grouped"},"_links":{"self":[{"href":"https:\/\/fraeuleinm.de\/index.php?rest_route=\/wp\/v2\/product\/868","targetHints":{"allow":["GET"]}}],"collection":[{"href":"https:\/\/fraeuleinm.de\/index.php?rest_route=\/wp\/v2\/product"}],"about":[{"href":"https:\/\/fraeuleinm.de\/index.php?rest_route=\/wp\/v2\/types\/product"}],"wp:featuredmedia":[{"embeddable":true,"href":"https:\/\/fraeuleinm.de\/index.php?rest_route=\/wp\/v2\/media\/869"}],"wp:attachment":[{"href":"https:\/\/fraeuleinm.de\/index.php?rest_route=%2Fwp%2Fv2%2Fmedia&parent=868"}],"wp:term":[{"taxonomy":"product_brand","embeddable":true,"href":"https:\/\/fraeuleinm.de\/index.php?rest_route=%2Fwp%2Fv2%2Fproduct_brand&post=868"},{"taxonomy":"product_cat","embeddable":true,"href":"https:\/\/fraeuleinm.de\/index.php?rest_route=%2Fwp%2Fv2%2Fproduct_cat&post=868"},{"taxonomy":"product_tag","embeddable":true,"href":"https:\/\/fraeuleinm.de\/index.php?rest_route=%2Fwp%2Fv2%2Fproduct_tag&post=868"}],"curies":[{"name":"wp","href":"https:\/\/api.w.org\/{rel}","templated":true}]}}