{"id":870,"date":"2025-04-07T21:13:30","date_gmt":"2025-04-07T19:13:30","guid":{"rendered":"https:\/\/fraeuleinm.de\/?post_type=product&#038;p=870"},"modified":"2026-02-16T00:20:17","modified_gmt":"2026-02-15T22:20:17","slug":"weissbierglas-superpapa-weizenglas-1500-e","status":"publish","type":"product","link":"https:\/\/fraeuleinm.de\/?product=weissbierglas-superpapa-weizenglas-1500-e","title":{"rendered":"Wei\u00dfbierglas &#8218;Superpapa&#8216; | Weizenglas | 15,00 \u20ac"},"content":{"rendered":"<p>Wei\u00dfbierglas &#8222;Superpapa&#8220; \u2013 Das perfekte Geschenk f\u00fcr den besten Vater!<\/p>\n<p>\u00dcberrasche Deinen Superpapa mit einem einzigartigen Geschenk \u2013 dem Wei\u00dfbierglas &#8222;Superpapa&#8220;! Dieses stilvolle Glas f\u00fcr ein erfrischendes Wei\u00dfbier ist eine wunderbare Hommage an alle gro\u00dfartigen V\u00e4ter. Mit seinem coolen &#8222;Superpapa&#8220;-Design setzt es ein klares Zeichen der Anerkennung und Liebe.<\/p>\n<p>Warum dieses Glas?<\/p>\n<p>Hochwertige Verarbeitung: Aus robustem Glas gefertigt, h\u00e4lt es Deinem Papa viele erfrischende Momente stand.<\/p>\n<p>Stylisches Design: Der &#8222;Superpapa&#8220;-Schriftzug macht das Glas zu einem echten Hingucker.<\/p>\n<p>Perfektes Geschenk: Egal ob zum Vatertag, Geburtstag oder einfach mal so \u2013 mit diesem Glas zeigst Du Deinem Papa, wie besonders er ist.<\/p>\n<p>\u00dcberrasche Deinen Superhelden auf eine ganz besondere Art!<\/p>\n<p><strong>Details:<\/strong><br \/>\nWei\u00dfbierglas, 500ml<br \/>\nMaterial: Glas<br \/>\nHergestellt in Deutschland.<\/p>\n<p><strong>Warn- und Sicherheitshinweise:<\/strong><br \/>\nSp\u00fclmaschinenfest bis max. 70\u00b0 C, Handw\u00e4sche empfohlen. Nur f\u00fcr Getr\u00e4nke mit einer Temperatur von max. 50\u00b0 C. Nicht mikrowellengeeignet.<br \/>\nVor dem ersten Gebrauch sp\u00fclen. Vor jedem Gebrauch auf Risse oder sonstige Besch\u00e4digungen \u00fcberpr\u00fcfen um Verletzungen zu vermeiden. Bei Glasbruch besteht Verletzungsgefahr. Aufbewahrung au\u00dferhalb der Reichweite von Kindern. Nicht geeignet f\u00fcr Kinder.<\/p>\n<p><strong>Herstellerinformation<\/strong><br \/>\nMelanie Hiller, Fr\u00e4ulein M &#8211; mit Liebe handgemacht, Auf der Windschnur 32, 94469 Deggendorf<br \/>\nEmail: hallo@fraeuleinm.de<\/p>\n","protected":false},"excerpt":{"rendered":"<p><button class=\"wpforms-submit\" onclick=\"window.location.href='#div_anfrage';\">Produkt anfragen<\/button><\/p>\n<div id=\"div_anfrage\">\n<button id=\"div_anfrage_close\" class=\"wpforms-submit\" onclick=\"window.location.href='#';\">Schlie\u00dfen<\/button><\/p>\n<div>\n[wpforms id=\"390\" title=\"true\"]\n<\/div>\n<\/div>\n","protected":false},"featured_media":876,"template":"","meta":[],"product_brand":[],"product_cat":[44,52,47,35],"product_tag":[],"class_list":{"0":"post-870","1":"product","2":"type-product","3":"status-publish","4":"has-post-thumbnail","6":"product_cat-besonderesausglas","7":"product_cat-geburtstag","8":"product_cat-geschenkideen","9":"product_cat-muttertag-vatertag","11":"first","12":"instock","13":"shipping-taxable","14":"product-type-grouped"},"_links":{"self":[{"href":"https:\/\/fraeuleinm.de\/index.php?rest_route=\/wp\/v2\/product\/870","targetHints":{"allow":["GET"]}}],"collection":[{"href":"https:\/\/fraeuleinm.de\/index.php?rest_route=\/wp\/v2\/product"}],"about":[{"href":"https:\/\/fraeuleinm.de\/index.php?rest_route=\/wp\/v2\/types\/product"}],"wp:featuredmedia":[{"embeddable":true,"href":"https:\/\/fraeuleinm.de\/index.php?rest_route=\/wp\/v2\/media\/876"}],"wp:attachment":[{"href":"https:\/\/fraeuleinm.de\/index.php?rest_route=%2Fwp%2Fv2%2Fmedia&parent=870"}],"wp:term":[{"taxonomy":"product_brand","embeddable":true,"href":"https:\/\/fraeuleinm.de\/index.php?rest_route=%2Fwp%2Fv2%2Fproduct_brand&post=870"},{"taxonomy":"product_cat","embeddable":true,"href":"https:\/\/fraeuleinm.de\/index.php?rest_route=%2Fwp%2Fv2%2Fproduct_cat&post=870"},{"taxonomy":"product_tag","embeddable":true,"href":"https:\/\/fraeuleinm.de\/index.php?rest_route=%2Fwp%2Fv2%2Fproduct_tag&post=870"}],"curies":[{"name":"wp","href":"https:\/\/api.w.org\/{rel}","templated":true}]}}